592. List the prime factors of t(-4).
2, 13, 59
Let w = 9609 - 3376. What are the prime factors of w?
23, 271
Let w = 23288 - 12743. What are the prime factors of w?
3, 5, 19, 37
Suppose -3*n + 10 = -5, -8180 = -2*w + 4*n. What are the prime factors of w?
2, 5, 41
List the prime factors of (-3415382)/(-451) + (-2)/(-1*22).
7573
Let q be (2/4)/((-1)/(-90)). Suppose -4*c + n = -16, -3*c + 246 = -n + 233. Suppose r = 4*z + 12 + q, 15 = c*z. What are the prime factors of r?
7, 11
Let j = 44 - 37. Suppose -g + 1504 = 5*l, 10*l - 2*g - 905 = j*l. What are the prime factors of l?
7, 43
Let f(m) = -64*m - 3. Let g(z) = -z - 23. Let y be g(-18). List the prime factors of f(y).
317
Let g = 1704 + -1596. Let d(p) = -2*p**3 - 5*p**2 - 7*p - 2. Let l be d(-5). Let y = l - g. What are the prime factors of y?
2, 5
What are the prime factors of -1 + 10/25 - (171048/(-30) + 1)?
2, 3, 5, 19
Suppose 2*i - 46 = 58. Suppose -24 = -4*a + i. Suppose 528 = a*h - 15*h. What are the prime factors of h?
2, 3, 11
Let p(a) = 60*a + 1089. What are the prime factors of p(97)?
3, 7, 47
Let g = 24611 + 26850. List the prime factors of g.
51461
Suppose 24*m - 280123 - 27155 + 18246 = 0. List the prime factors of m.
12043
Let v = 3937 - 416. Let f = v - 2233. List the prime factors of f.
2, 7, 23
Let a(i) be the third derivative of i**5/30 + i**4/24 + 5*i**3/6 - 5*i**2 + 2. Let o be ((-10)/8)/(1/4). What are the prime factors of a(o)?
2, 5
Let b be ((10/(-3))/5)/(4/114). What are the prime factors of (-14668)/b + (-14)/2?
3, 5, 17
Let l = 19397 + -11333. Suppose 70*z = 76*z - l. What are the prime factors of z?
2, 3, 7
Let w be 5166/(-27)*(0 + -24). Suppose -52*g = -48*g - w. What are the prime factors of g?
2, 7, 41
Suppose -3*q = 7*q + 20. List the prime factors of q - (-1 + 2) - -176.
173
Let d be (8 - 7)*(129 + -4). Let o = d - -118. List the prime factors of o.
3
Let q(a) = -75*a + 149. Let f(v) = -2*v. Let u(z) = 5*f(z) - q(z). What are the prime factors of u(12)?
631
What are the prime factors of 865*(294/(-30) - -14)?
3, 7, 173
Let w be ((-73)/3)/((-1)/6)*-1. Let c be -2*((w/4 - 1) + -1). Suppose 2*s + c = 3*s. List the prime factors of s.
7, 11
Let a(k) = 2*k**2 - 4*k - 43. Let o be a(6). Suppose 4*w + 3*p = 548, -o*w + 3*w + 288 = 5*p. What are the prime factors of w?
2, 67
Let g = 64714 - 43661. What are the prime factors of g?
37, 569
Let x be (1 + -2975)/(5 + -7). Let h = -1003 + x. List the prime factors of h.
2, 11
Let p = -40 - 58. List the prime factors of (-50834)/p - ((-16)/7 + 2).
3, 173
Let j = -10 - -14. Let y be (-16*80/(-256))/((-5)/(-147)). Suppose -j*k = -y + 11. List the prime factors of k.
2, 17
Let r = 120 + 1162. What are the prime factors of r?
2, 641
Suppose 1154*f + 1720 = 1146*f. Let b = f + 559. What are the prime factors of b?
2, 43
Suppose -5*g - 5*n + 55 = 0, 2*n = 4*g - 2*n - 20. Suppose -g = -4*c + 2556. List the prime factors of c.
641
Suppose 10*y + 4200 = 24*y. Suppose 3*j + r - 921 = -r, -j + y = 3*r. List the prime factors of j.
3, 103
Suppose 4*w + 3*z = 123, -5*z = 4*w - 2*w - 79. Suppose 34 = 2*t - 4*d, -t + 4*d + 0*d = -w. Suppose -t*l - 729 = -16*l. What are the prime factors of l?
3
Let t = -532 + 286. What are the prime factors of ((-25)/15 + 1)/(4/t)?
41
Let o = -125 - -131. Suppose -2665 = -19*g + o*g. List the prime factors of g.
5, 41
Let u(i) = i**2 - 92*i - 120. What are the prime factors of u(-55)?
3, 5, 59
Let p(f) = 2 - 10*f + f**3 + 20*f**2 + 0*f**3 + 5 - 4*f + 9. What are the prime factors of p(-17)?
19, 59
Suppose 67*v - 63*v - 5*h = 138604, -2*v - h + 69302 = 0. List the prime factors of v.
34651
Let o(v) = -2*v**3 + 87*v**2 - 73*v - 489. List the prime factors of o(39).
3, 7, 17, 29
Suppose -1 = -2*x - 0*n + n, -3*x - 5*n + 21 = 0. Let z be (1/x)/(1/(-4)). What are the prime factors of 2*(-28)/16*z?
7
Let q(c) = -10*c**3 - 9*c**2 - 2*c - 34. Let z be q(-5). Suppose 0 = -a + 37 + z. List the prime factors of a.
2, 3, 173
Suppose -162 = 2*d - 146. What are the prime factors of -14*(0 + (-2)/d)*-2?
7
Let k(z) = 1056*z + 2061. What are the prime factors of k(0)?
3, 229
Suppose 42*l - 27*l = 327945. Suppose l = 47*z - 39. List the prime factors of z.
2, 233
Let y(h) = 101*h**2 + 3*h + 6. Let f be y(-2). Let i = 5 + f. List the prime factors of i.
409
Let w(f) be the first derivative of 20*f**3/3 - f**2/2 + 8*f + 42. List the prime factors of w(-5).
3, 19
Suppose -2*m - 12047 = -3*u, 2*m = -3*u + 5*m + 12051. What are the prime factors of u?
4013
Suppose 5*g = -w + 11364 + 16376, -5*g = -w + 27710. What are the prime factors of w?
5, 1109
Let a be ((-748)/(-55))/(4/30). Suppose -a = -4*g - 2*m, 5*g + 0*m - 128 = -3*m. Let v = g - 13. What are the prime factors of v?
2, 3
Suppose 0*f = 3*f + 399. Let g = f - -79. Let s = 34 - g. List the prime factors of s.
2, 11
Suppose 2119 + 48001 = 14*y. What are the prime factors of y?
2, 5, 179
Let z(s) = 2*s**2 - 37*s + 381. Suppose w + 4 = 2*o + 13, w = -2*o + 25. List the prime factors of z(w).
2, 3, 5, 11
Let z(w) = -50*w + 20 - 2 + 11*w**2 - 12*w**2. Let k be z(-15). Suppose -5*x - 5*v = -685, -3*x + k = x + 5*v. List the prime factors of x.
2, 71
Let i = 707 + -693. Suppose -471 = 11*w - i*w. What are the prime factors of w?
157
Let m(u) = 39*u**2 + 2*u - 13. Let p be m(3). Suppose -2*g + p = 2*w, -3*w + 2*w - 3 = 0. List the prime factors of g.
5, 7
Let u = 3429 + -2383. Suppose u = 5*f + 4*y, 4*f - 303 = -4*y + 537. What are the prime factors of f?
2, 103
Suppose 4*t + 22 = 2*z, -3 = 5*z - 3*t - 37. Let b(a) = a**2 + a**2 - z*a**2 - 4 + 0*a**2 - 4*a**3 - 2*a. What are the prime factors of b(-2)?
2, 5
What are the prime factors of (677/1)/((-845)/(-11830))?
2, 7, 677
Let t(m) = -m**3 + 18*m**2 - 8*m + 48. Let f be t(18). Suppose 0 = 4*a - 130 + 22. Let u = a - f. What are the prime factors of u?
3, 41
Let w be (17 - 20) + -2*(-10)/4. Suppose b - 2*c = 103, -b + w*c + 103 = 5*c. List the prime factors of b.
103
Let j = 11 - 15. Let w be 7 + j + (-2 - -3). List the prime factors of 4/(-10)*(2 + w*-73).
2, 29
Suppose 3*d = -4*i + 6*d + 2249, 2*d = 3*i - 1687. What are the prime factors of i + 0 + -63 + 62?
2, 281
Suppose -64797 = -2*j - b, 271*b = -3*j + 276*b + 97202. List the prime factors of j.
179, 181
Let p(v) = -v**3 + 10*v**2 + 6. Let c be p(10). Let d be 955/(-3) - ((-26)/c - -5). Let t = d + 480. What are the prime factors of t?
7, 23
Suppose 19*p - 4*j = 15*p - 5768, 0 = 2*p - j + 2888. List the prime factors of 24/(-32)*4 - p.
3, 13, 37
Let c = 9379 - 320. What are the prime factors of c?
9059
Let d = 6388 + -36. List the prime factors of d.
2, 397
Let z(i) = 16*i**2 + 28*i + 457. What are the prime factors of z(22)?
3, 2939
Let g = 173 - 170. Suppose -3*z + 2*u = -1508, u + 2020 = 4*z + g*u. What are the prime factors of z?
2, 3, 7
Let b = 23094 + -1749. List the prime factors of b.
3, 5, 1423
What are the prime factors of 2765574/54 - 20/60?
2, 29, 883
Let o = 393 + 613. Suppose -19*n + 1274 = -o. What are the prime factors of n?
2, 3, 5
Let n be (482/(-3))/(28/294). List the prime factors of 7 - 1 - n/7.
13, 19
Suppose 3*o - 4*h = 8975, -5*o - 167*h = -168*h - 14964. List the prime factors of o.
41, 73
Let a(m) = m - 3. Let d be a(6). Let j = -162 - -180. List the prime factors of d*2/(-27) - (-3082)/j.
3, 19
Suppose 64*f - 56*f - 720 = 0. What are the prime factors of (-14985)/f*5/((-15)/6)?
3, 37
Suppose -3*x - 15 = 0, 0 = 21*r - 20*r - 2*x - 14121. What are the prime factors of r?
103, 137
Let s = 27 - 24. Suppose s*p + h + 2 = 5*h, 3*p = -5*h + 16. Suppose -p*z + 242 = 50. What are the prime factors of z?
2, 3
Suppose -24 = -44*c + 43*c. Suppose -5*b = -4*g - 634, b - 170 = -4*g - c. What are the prime factors of b?
2, 5, 13
Suppose -112*a = -115*a - 1089. Let z(g) = g - 6. Let w be z(-10). What are the prime factors of 6/w - a/8?
3, 5
Let s be 625/(-10)*4/(-5). What are the prime factors of s/475 + (-1955)/(-19) + -1?
2, 3, 17
Let c(w) = -7*w**2 + w + 4767. What are the prime factors of c(0)?
3, 7, 227
Let a = 91569 - 44237. List the prime factors of a.
2, 11833
Let o be 4 - (6 + -5 - -1). Suppose -508 = -o*q + 456. What are the prime factors of q?
2, 241
Let l(v) = 15053*v**2 + 73*v - 76. List the prime factors of l(1).
2, 5, 7, 43
Let y be ((-10)/4)/(